d by 67?
34
What is the remainder when 277 is divided by 97?
83
What is the remainder when 195 is divided by 7?
6
What is the remainder when 43 is divided by 31?
12
Calculate the remainder when 376 is divided by 43.
32
What is the remainder when 111 is divided by 58?
53
Calculate the remainder when 919 is divided by 77.
72
Calculate the remainder when 26975 is divided by 24.
23
Calculate the remainder when 3334 is divided by 24.
22
Calculate the remainder when 419 is divided by 42.
41
What is the remainder when 62 is divided by 4?
2
What is the remainder when 32 is divided by 6?
2
Calculate the remainder when 442 is divided by 116.
94
Calculate the remainder when 95 is divided by 8.
7
What is the remainder when 373 is divided by 14?
9
What is the remainder when 54 is divided by 11?
10
What is the remainder when 40 is divided by 37?
3
What is the remainder when 572 is divided by 32?
28
Calculate the remainder when 178 is divided by 17.
8
What is the remainder when 2209 is divided by 65?
64
Calculate the remainder when 24 is divided by 7.
3
What is the remainder when 306 is divided by 11?
9
What is the remainder when 290 is divided by 53?
25
Calculate the remainder when 559 is divided by 534.
25
What is the remainder when 58 is divided by 43?
15
Calculate the remainder when 43 is divided by 19.
5
What is the remainder when 44 is divided by 24?
20
Calculate the remainder when 301 is divided by 9.
4
Calculate the remainder when 986 is divided by 66.
62
What is the remainder when 4644 is divided by 23?
21
Calculate the remainder when 795 is divided by 14.
11
Calculate the remainder when 812 is divided by 143.
97
Calculate the remainder when 14351 is divided by 156.
155
Calculate the remainder when 171 is divided by 63.
45
Calculate the remainder when 132 is divided by 93.
39
What is the remainder when 91 is divided by 30?
1
Calculate the remainder when 2221 is divided by 57.
55
What is the remainder when 83 is divided by 29?
25
Calculate the remainder when 85 is divided by 37.
11
What is the remainder when 315 is divided by 4?
3
What is the remainder when 54 is divided by 19?
16
What is the remainder when 194 is divided by 106?
88
Calculate the remainder when 599 is divided by 87.
77
What is the remainder when 1899 is divided by 38?
37
What is the remainder when 1121 is divided by 45?
41
Calculate the remainder when 647 is divided by 18.
17
Calculate the remainder when 218 is divided by 32.
26
Calculate the remainder when 2093 is divided by 9.
5
Calculate the remainder when 2411 is divided by 224.
171
What is the remainder when 166 is divided by 96?
70
What is the remainder when 150 is divided by 45?
15
What is the remainder when 349 is divided by 114?
7
Calculate the remainder when 1937 is divided by 266.
75
What is the remainder when 1173 is divided by 12?
9
What is the remainder when 348 is divided by 157?
34
What is the remainder when 206 is divided by 53?
47
Calculate the remainder when 10824 is divided by 119.
114
What is the remainder when 292 is divided by 23?
16
Calculate the remainder when 138 is divided by 71.
67
Calculate the remainder when 1800 is divided by 110.
40
What is the remainder when 358 is divided by 4?
2
Calculate the remainder when 398 is divided by 34.
24
Calculate the remainder when 4261 is divided by 1418.
7
What is the remainder when 24 is divided by 19?
5
Calculate the remainder when 131 is divided by 38.
17
Calculate the remainder when 949 is divided by 50.
49
What is the remainder when 27 is divided by 15?
12
What is the remainder when 116 is divided by 101?
15
What is the remainder when 698 is divided by 232?
2
What is the remainder when 203 is divided by 159?
44
What is the remainder when 35 is divided by 10?
5
Calculate the remainder when 810 is divided by 110.
40
What is the remainder when 704 is divided by 143?
132
Calculate the remainder when 762 is divided by 14.
6
Calculate the remainder when 323 is divided by 6.
5
What is the remainder when 103 is divided by 42?
19
What is the remainder when 21 is divided by 17?
4
What is the remainder when 2753 is divided by 562?
505
What is the remainder when 18 is divided by 8?
2
What is the remainder when 11237 is divided by 8?
5
Calculate the remainder when 159 is divided by 32.
31
What is the remainder when 21 is divided by 9?
3
What is the remainder when 28 is divided by 17?
11
What is the remainder when 917 is divided by 414?
89
What is the remainder when 132 is divided by 9?
6
Calculate the remainder when 556 is divided by 98.
66
What is the remainder when 3384 is divided by 14?
10
Calculate the remainder when 63 is divided by 10.
3
What is the remainder when 2198 is divided by 25?
23
Calculate the remainder when 7711 is divided by 8.
7
What is the remainder when 1479 is divided by 116?
87
What is the remainder when 727 is divided by 10?
7
Calculate the remainder when 68 is divided by 19.
11
Calculate the remainder when 312 is divided by 13.
0
What is the remainder when 9430 is divided by 3140?
10
What is the remainder when 203 is divided by 19?
13
What is the remainder when 44 is divided by 37?
7
What is the remainder when 1095 is divided by 72?
15
What is the remainder when 783 is divided by 25?
8
What is the remainder when 395 is divided by 94?
19
Calculate the remainder when 228 is divided by 21.
18
What is the remainder when 129 is divided by 27?
21
Calculate the remainder when 2055 is divided by 684.
3
What is the remainder when 35 is divided by 19?
16
Calculate the remainder when 329 is divided by 9.
5
What is the remainder when 2705 is divided by 208?
1
Calculate the remainder when 737 is divided by 260.
217
Calculate the remainder when 19409 is divided by 7.
5
What is the remainder when 2279 is divided by 15?
14
Calculate the remainder when 2826 is divided by 41.
38
What is the remainder when 208 is divided by 30?
28
What is the remainder when 1007 is divided by 198?
17
Calculate the remainder when 549 is divided by 8.
5
What is the remainder when 285 is divided by 11?
10
Calculate the remainder when 1312 is divided by 13.
12
Calculate the remainder when 12737 is divided by 49.
46
What is the remainder when 3141 is divided by 1043?
12
What is the remainder when 21 is divided by 12?
9
Calculate the remainder when 3343 is divided by 76.
75
What is the remainder when 276 is divided by 16?
4
What is the remainder when 157 is divided by 138?
19
What is the remainder when 1930 is divided by 1920?
10
What is the remainder when 839 is divided by 10?
9
What is the remainder when 23112 is divided by 335?
332
What is the remainder when 770 is divided by 111?
104
Calculate the remainder when 78 is divided by 10.
8
Calculate the remainder when 5239 is divided by 106.
45
Calculate the remainder when 180 is divided by 28.
12
Calculate the remainder when 1138 is divided by 114.
112
Calculate the remainder when 355 is divided by 10.
5
Calculate the remainder when 3535 is divided by 86.
9
What is the remainder when 1181 is divided by 92?
77
Calculate the remainder when 94 is divided by 11.
6
What is the remainder when 9896 is divided by 90?
86
Calculate the remainder when 4803 is divided by 27.
24
What is the remainder when 163 is divided by 10?
3
Calculate the remainder when 124 is divided by 35.
19
What is the remainder when 170 is divided by 76?
18
What is the remainder when 223 is divided by 67?
22
Calculate the remainder when 1107 is divided by 267.
39
Calculate the remainder when 67 is divided by 7.
4
What is the remainder when 953 is divided by 252?
197
Calculate the remainder when 1889 is divided by 467.
21
Calculate the remainder when 197 is divided by 50.
47
What is the remainder when 1701 is divided by 13?
11
What is the remainder when 366 is divided by 157?
52
Calculate the remainder when 23 is divided by 9.
5
What is the remainder when 675 is divided by 52?
51
What is the remainder when 201 is divided by 41?
37
Calculate the remainder when 575 is divided by 276.
23
What is the remainder when 101 is divided by 17?
16
Calculate the remainder when 1117 is divided by 224.
221
What is the remainder when 230 is divided by 29?
27
Calculate the remainder when 923 is divided by 225.
23
Calculate the remainder when 19908 is divided by 6634.
6
What is the remainder wh